{"version":"1.0","provider_name":"L\u2019AGENCE AGENCE INMOBILIERE","provider_url":"https:\/\/lagenceimmoespagne.com\/fr","author_name":"lagenceiwp","author_url":"https:\/\/lagenceimmoespagne.com\/fr\/author\/lagenceiwp\/","title":"Villa Retiro - Pals - L\u2019AGENCE AGENCE INMOBILIERE","type":"rich","width":600,"height":338,"html":"<blockquote class=\"wp-embedded-content\" data-secret=\"cANBtYcQC1\"><a href=\"https:\/\/lagenceimmoespagne.com\/fr\/estate_property\/villa-bella-vida\/\">Villa Retiro &#8211; Pals<\/a><\/blockquote><iframe sandbox=\"allow-scripts\" security=\"restricted\" src=\"https:\/\/lagenceimmoespagne.com\/fr\/estate_property\/villa-bella-vida\/embed\/#?secret=cANBtYcQC1\" width=\"600\" height=\"338\" title=\"\u00ab\u00a0Villa Retiro &#8211; Pals\u00a0\u00bb &#8212; L\u2019AGENCE AGENCE INMOBILIERE\" data-secret=\"cANBtYcQC1\" frameborder=\"0\" marginwidth=\"0\" marginheight=\"0\" scrolling=\"no\" class=\"wp-embedded-content\"><\/iframe><script type=\"text\/javascript\">\n\/* <![CDATA[ *\/\n\/*! This file is auto-generated *\/\n!function(d,l){\"use strict\";l.querySelector&&d.addEventListener&&\"undefined\"!=typeof URL&&(d.wp=d.wp||{},d.wp.receiveEmbedMessage||(d.wp.receiveEmbedMessage=function(e){var t=e.data;if((t||t.secret||t.message||t.value)&&!\/[^a-zA-Z0-9]\/.test(t.secret)){for(var s,r,n,a=l.querySelectorAll('iframe[data-secret=\"'+t.secret+'\"]'),o=l.querySelectorAll('blockquote[data-secret=\"'+t.secret+'\"]'),c=new RegExp(\"^https?:$\",\"i\"),i=0;i<o.length;i++)o[i].style.display=\"none\";for(i=0;i<a.length;i++)s=a[i],e.source===s.contentWindow&&(s.removeAttribute(\"style\"),\"height\"===t.message?(1e3<(r=parseInt(t.value,10))?r=1e3:~~r<200&&(r=200),s.height=r):\"link\"===t.message&&(r=new URL(s.getAttribute(\"src\")),n=new URL(t.value),c.test(n.protocol))&&n.host===r.host&&l.activeElement===s&&(d.top.location.href=t.value))}},d.addEventListener(\"message\",d.wp.receiveEmbedMessage,!1),l.addEventListener(\"DOMContentLoaded\",function(){for(var e,t,s=l.querySelectorAll(\"iframe.wp-embedded-content\"),r=0;r<s.length;r++)(t=(e=s[r]).getAttribute(\"data-secret\"))||(t=Math.random().toString(36).substring(2,12),e.src+=\"#?secret=\"+t,e.setAttribute(\"data-secret\",t)),e.contentWindow.postMessage({message:\"ready\",secret:t},\"*\")},!1)))}(window,document);\n\/\/# sourceURL=https:\/\/lagenceimmoespagne.com\/wp-includes\/js\/wp-embed.min.js\n\/* ]]> *\/\n<\/script>","thumbnail_url":"https:\/\/lagenceimmoespagne.com\/wp-content\/uploads\/2024\/01\/Captura-de-pantalla-2024-07-26-155513.png","thumbnail_width":742,"thumbnail_height":371,"description":"Villa Mediterr\u00e1nea en coraz\u00f3n de la Costa Brava Magnifica casa se\u00f1orial en Pals, Ideal para familias grandes. Situada en el coraz\u00f3n del Emporda, en la Costa Brava, en una zona residencial muy tranquila, con un acceso muy r\u00e1pido a la playa de Pals ( unos 3 km) y a su centro hist\u00f3rico ( unos 3 km), esta casa ha sido reformada en 2022 preservando ..."}

Villa Mediterránea en corazón de la Costa Brava Magnifica casa señorial en Pals, Ideal para familias grandes. Situada en el corazón del Emporda, en la Costa Brava, en una zona residencial muy tranquila, con un acceso muy rápido a la playa de Pals ( unos 3 km) y a su centro histórico ( unos 3 km), esta casa ha sido reformada en 2022 preservando ...
